{"id":582,"date":"2023-08-27T20:39:04","date_gmt":"2023-08-27T18:39:04","guid":{"rendered":"http:\/\/klgsnt.pl\/?page_id=582"},"modified":"2024-03-21T09:42:40","modified_gmt":"2024-03-21T08:42:40","slug":"elementor-582","status":"publish","type":"page","link":"https:\/\/klgsnt.pl\/?page_id=582","title":{"rendered":"Wycinarka ROBOCUT seria \u03b1-C400iB"},"content":{"rendered":"\t\t<div data-elementor-type=\"wp-page\" data-elementor-id=\"582\" class=\"elementor elementor-582\">\n\t\t\t\t\t\t<section class=\"elementor-section elementor-top-section elementor-element elementor-element-7e502e2 elementor-section-boxed elementor-section-height-default elementor-section-height-default\" data-id=\"7e502e2\" data-element_type=\"section\">\n\t\t\t\t\t\t<div class=\"elementor-container elementor-column-gap-default\">\n\t\t\t\t\t<div class=\"elementor-column elementor-col-50 elementor-top-column elementor-element elementor-element-9af72e7\" data-id=\"9af72e7\" data-element_type=\"column\">\n\t\t\t<div class=\"elementor-widget-wrap elementor-element-populated\">\n\t\t\t\t\t\t<div class=\"elementor-element elementor-element-654c569 elementor-widget elementor-widget-heading\" data-id=\"654c569\" data-element_type=\"widget\" data-widget_type=\"heading.default\">\n\t\t\t\t<div class=\"elementor-widget-container\">\n\t\t\t\t\t<h2 class=\"elementor-heading-title elementor-size-default\">ROBOCUT \u03b1-C400iB<\/h2>\t\t\t\t<\/div>\n\t\t\t\t<\/div>\n\t\t\t\t<div class=\"elementor-element elementor-element-a42c42e elementor-widget elementor-widget-text-editor\" data-id=\"a42c42e\" data-element_type=\"widget\" data-widget_type=\"text-editor.default\">\n\t\t\t\t<div class=\"elementor-widget-container\">\n\t\t\t\t\t\t\t\t\t<p><strong>Zapraszamy Pa\u0144stwa do skorzystania z us\u0142ugi elektroerozyjnego ci\u0119cia drutem, w ramach kt\u00f3rej <\/strong><strong>oferujemy:<\/strong><br \/>&#8211; atrakcyjne ceny,<br \/>&#8211; kr\u00f3tkie terminy realizacji \u2013 ju\u017c od 2 dni roboczych,<br \/>&#8211; wycinanie pod k\u0105tem sto\u0142u +\/- 30 stopni,<br \/>&#8211; wycinanie detali w materia\u0142ach przewodz\u0105cych pr\u0105d elektryczny (stal, mied\u017a, aluminium, w\u0119glik spiekany, grafit),<br \/>&#8211; szybsz\u0105 i wydajniejsz\u0105 obr\u00f3bk\u0119 przy zachowaniu najwy\u017cszej jako\u015bci wykonania,<br \/>&#8211; mo\u017cliwo\u015b\u0107 robienia otwor\u00f3w startowych o \u015brednicy: 0,3; 0,5; 0,8; 1,0; 2,0,<br \/>&#8211; orzeczenie pomiarowe po zrealizowaniu zlecenia na \u017cyczenie Klienta<\/p>\t\t\t\t\t\t\t\t<\/div>\n\t\t\t\t<\/div>\n\t\t\t\t\t<\/div>\n\t\t<\/div>\n\t\t\t\t<div class=\"elementor-column elementor-col-50 elementor-top-column elementor-element elementor-element-b38bf8a\" data-id=\"b38bf8a\" data-element_type=\"column\">\n\t\t\t<div class=\"elementor-widget-wrap elementor-element-populated\">\n\t\t\t\t\t\t<div class=\"elementor-element elementor-element-b3e116e elementor-widget elementor-widget-image\" data-id=\"b3e116e\" data-element_type=\"widget\" data-widget_type=\"image.default\">\n\t\t\t\t<div class=\"elementor-widget-container\">\n\t\t\t\t\t\t\t\t\t\t\t\t\t\t\t<img fetchpriority=\"high\" decoding=\"async\" width=\"800\" height=\"717\" src=\"https:\/\/klgsnt.pl\/wp-content\/uploads\/2023\/10\/wire-edm-machine-fanuc-robocut.jpg\" class=\"attachment-large size-large wp-image-702\" alt=\"\" srcset=\"https:\/\/klgsnt.pl\/wp-content\/uploads\/2023\/10\/wire-edm-machine-fanuc-robocut.jpg 800w, https:\/\/klgsnt.pl\/wp-content\/uploads\/2023\/10\/wire-edm-machine-fanuc-robocut-300x269.jpg 300w, https:\/\/klgsnt.pl\/wp-content\/uploads\/2023\/10\/wire-edm-machine-fanuc-robocut-768x688.jpg 768w\" sizes=\"(max-width: 800px) 100vw, 800px\" \/>\t\t\t\t\t\t\t\t\t\t\t\t\t\t\t<\/div>\n\t\t\t\t<\/div>\n\t\t\t\t\t<\/div>\n\t\t<\/div>\n\t\t\t\t\t<\/div>\n\t\t<\/section>\n\t\t\t\t<section class=\"elementor-section elementor-top-section elementor-element elementor-element-25ad6bc elementor-section-boxed elementor-section-height-default elementor-section-height-default\" data-id=\"25ad6bc\" data-element_type=\"section\">\n\t\t\t\t\t\t<div class=\"elementor-container elementor-column-gap-default\">\n\t\t\t\t\t<div class=\"elementor-column elementor-col-100 elementor-top-column elementor-element elementor-element-b02c443\" data-id=\"b02c443\" data-element_type=\"column\">\n\t\t\t<div class=\"elementor-widget-wrap elementor-element-populated\">\n\t\t\t\t\t\t<div class=\"elementor-element elementor-element-da607a9 elementor-widget elementor-widget-heading\" data-id=\"da607a9\" data-element_type=\"widget\" data-widget_type=\"heading.default\">\n\t\t\t\t<div class=\"elementor-widget-container\">\n\t\t\t\t\t<h2 class=\"elementor-heading-title elementor-size-default\">Ekonomiczne ci\u0119cie bardzo precyzyjnych element\u00f3w z metalu<\/h2>\t\t\t\t<\/div>\n\t\t\t\t<\/div>\n\t\t\t\t<div class=\"elementor-element elementor-element-ebed7f0 elementor-widget elementor-widget-text-editor\" data-id=\"ebed7f0\" data-element_type=\"widget\" data-widget_type=\"text-editor.default\">\n\t\t\t\t<div class=\"elementor-widget-container\">\n\t\t\t\t\t\t\t\t\t<p>Dlaczego elektrodr\u0105\u017carka drutowa?<\/p><p>&#8211; Elektrodr\u0105\u017cenie to proces obr\u00f3bki elektroerozyjnej wykorzystuj\u0105cy metalow\u0105 elektrod\u0119 drutow\u0105 w celu wyci\u0119cia \u017c\u0105danego kszta\u0142tu w materiale obrabianym.<br \/>&#8211; S\u0142u\u017cy do obr\u00f3bki materia\u0142\u00f3w przewodz\u0105cych, jak aluminium i mied\u017a czy grafit.<br \/>&#8211; Umo\u017cliwia wyci\u0119cie jednym narz\u0119dziem prawie ka\u017cdej cz\u0119\u015bci.<br \/>&#8211; Szybsza i wydajniejsza obr\u00f3bka, przy zachowaniu najwy\u017cszej jako\u015bci wykonania.<br \/>&#8211; Wysoka niezawodno\u015b\u0107.<br \/>&#8211; Jest to tak\u017ce korzystny wyb\u00f3r ze wzgl\u0119du na koszty, gdy\u017c to jedno narz\u0119dzie mo\u017ce s\u0142u\u017cy\u0107 do frezowania, toczenia, szlifowania i przebijania.<\/p>\t\t\t\t\t\t\t\t<\/div>\n\t\t\t\t<\/div>\n\t\t\t\t\t<\/div>\n\t\t<\/div>\n\t\t\t\t\t<\/div>\n\t\t<\/section>\n\t\t\t\t<section class=\"elementor-section elementor-top-section elementor-element elementor-element-f7a359b elementor-section-boxed elementor-section-height-default elementor-section-height-default\" data-id=\"f7a359b\" data-element_type=\"section\">\n\t\t\t\t\t\t<div class=\"elementor-container elementor-column-gap-default\">\n\t\t\t\t\t<div class=\"elementor-column elementor-col-25 elementor-top-column elementor-element elementor-element-bd9902d\" data-id=\"bd9902d\" data-element_type=\"column\">\n\t\t\t<div class=\"elementor-widget-wrap elementor-element-populated\">\n\t\t\t\t\t\t<div class=\"elementor-element elementor-element-ea99d17 elementor-widget elementor-widget-image\" data-id=\"ea99d17\" data-element_type=\"widget\" data-widget_type=\"image.default\">\n\t\t\t\t<div class=\"elementor-widget-container\">\n\t\t\t\t\t\t\t\t\t\t\t\t\t\t\t<img decoding=\"async\" width=\"300\" height=\"162\" src=\"https:\/\/klgsnt.pl\/wp-content\/uploads\/2023\/08\/1-300x162.jpg\" class=\"attachment-medium size-medium wp-image-583\" alt=\"\" srcset=\"https:\/\/klgsnt.pl\/wp-content\/uploads\/2023\/08\/1-300x162.jpg 300w, https:\/\/klgsnt.pl\/wp-content\/uploads\/2023\/08\/1.jpg 393w\" sizes=\"(max-width: 300px) 100vw, 300px\" \/>\t\t\t\t\t\t\t\t\t\t\t\t\t\t\t<\/div>\n\t\t\t\t<\/div>\n\t\t\t\t\t<\/div>\n\t\t<\/div>\n\t\t\t\t<div class=\"elementor-column elementor-col-25 elementor-top-column elementor-element elementor-element-8959304\" data-id=\"8959304\" data-element_type=\"column\">\n\t\t\t<div class=\"elementor-widget-wrap elementor-element-populated\">\n\t\t\t\t\t\t<div class=\"elementor-element elementor-element-65ff074 elementor-widget elementor-widget-image\" data-id=\"65ff074\" data-element_type=\"widget\" data-widget_type=\"image.default\">\n\t\t\t\t<div class=\"elementor-widget-container\">\n\t\t\t\t\t\t\t\t\t\t\t\t\t\t\t<img decoding=\"async\" width=\"185\" height=\"99\" src=\"https:\/\/klgsnt.pl\/wp-content\/uploads\/2023\/08\/2.jpg\" class=\"attachment-medium size-medium wp-image-584\" alt=\"\" \/>\t\t\t\t\t\t\t\t\t\t\t\t\t\t\t<\/div>\n\t\t\t\t<\/div>\n\t\t\t\t\t<\/div>\n\t\t<\/div>\n\t\t\t\t<div class=\"elementor-column elementor-col-25 elementor-top-column elementor-element elementor-element-1dcab87\" data-id=\"1dcab87\" data-element_type=\"column\">\n\t\t\t<div class=\"elementor-widget-wrap elementor-element-populated\">\n\t\t\t\t\t\t<div class=\"elementor-element elementor-element-2215cb5 elementor-widget elementor-widget-image\" data-id=\"2215cb5\" data-element_type=\"widget\" data-widget_type=\"image.default\">\n\t\t\t\t<div class=\"elementor-widget-container\">\n\t\t\t\t\t\t\t\t\t\t\t\t\t\t\t<img loading=\"lazy\" decoding=\"async\" width=\"300\" height=\"195\" src=\"https:\/\/klgsnt.pl\/wp-content\/uploads\/2023\/08\/3-300x195.jpg\" class=\"attachment-medium size-medium wp-image-585\" alt=\"\" srcset=\"https:\/\/klgsnt.pl\/wp-content\/uploads\/2023\/08\/3-300x195.jpg 300w, https:\/\/klgsnt.pl\/wp-content\/uploads\/2023\/08\/3.jpg 320w\" sizes=\"(max-width: 300px) 100vw, 300px\" \/>\t\t\t\t\t\t\t\t\t\t\t\t\t\t\t<\/div>\n\t\t\t\t<\/div>\n\t\t\t\t\t<\/div>\n\t\t<\/div>\n\t\t\t\t<div class=\"elementor-column elementor-col-25 elementor-top-column elementor-element elementor-element-9a84bfa\" data-id=\"9a84bfa\" data-element_type=\"column\">\n\t\t\t<div class=\"elementor-widget-wrap elementor-element-populated\">\n\t\t\t\t\t\t<div class=\"elementor-element elementor-element-7634089 elementor-widget elementor-widget-image\" data-id=\"7634089\" data-element_type=\"widget\" data-widget_type=\"image.default\">\n\t\t\t\t<div class=\"elementor-widget-container\">\n\t\t\t\t\t\t\t\t\t\t\t\t\t\t\t<img loading=\"lazy\" decoding=\"async\" width=\"266\" height=\"210\" src=\"https:\/\/klgsnt.pl\/wp-content\/uploads\/2023\/08\/4.jpg\" class=\"attachment-large size-large wp-image-586\" alt=\"\" \/>\t\t\t\t\t\t\t\t\t\t\t\t\t\t\t<\/div>\n\t\t\t\t<\/div>\n\t\t\t\t\t<\/div>\n\t\t<\/div>\n\t\t\t\t\t<\/div>\n\t\t<\/section>\n\t\t\t\t<section class=\"elementor-section elementor-top-section elementor-element elementor-element-7ff65af elementor-section-boxed elementor-section-height-default elementor-section-height-default\" data-id=\"7ff65af\" data-element_type=\"section\">\n\t\t\t\t\t\t<div class=\"elementor-container elementor-column-gap-default\">\n\t\t\t\t\t<div class=\"elementor-column elementor-col-100 elementor-top-column elementor-element elementor-element-e53ec58\" data-id=\"e53ec58\" data-element_type=\"column\">\n\t\t\t<div class=\"elementor-widget-wrap elementor-element-populated\">\n\t\t\t\t\t\t<div class=\"elementor-element elementor-element-0ecaf37 elementor-widget elementor-widget-heading\" data-id=\"0ecaf37\" data-element_type=\"widget\" data-widget_type=\"heading.default\">\n\t\t\t\t<div class=\"elementor-widget-container\">\n\t\t\t\t\t<h2 class=\"elementor-heading-title elementor-size-default\">W\u0142a\u015bciwo\u015bci wycinarki drutowej ROBOCUT:<\/h2>\t\t\t\t<\/div>\n\t\t\t\t<\/div>\n\t\t\t\t<div class=\"elementor-element elementor-element-813ac07 elementor-widget elementor-widget-text-editor\" data-id=\"813ac07\" data-element_type=\"widget\" data-widget_type=\"text-editor.default\">\n\t\t\t\t<div class=\"elementor-widget-container\">\n\t\t\t\t\t\t\t\t\t<p>&#8211; najnowsza technologia CNC i serwomotor\u00f3w<br \/>&#8211; generator opracowany z my\u015bl\u0105 o maksymalnej wydajno\u015bci oraz niezawodno\u015bci<br \/>&#8211; obr\u00f3bka wysokich detali, zmiennych oraz k\u0105towych przekroj\u00f3w<br \/>&#8211; obr\u00f3bka wielu element\u00f3w<br \/>&#8211; \u0142atwa w obs\u0142udze funkcja CORE STITCH &#8211; mostkowanie umo\u017cliwiaj\u0105ca jeszcze d\u0142u\u017csz\u0105 obr\u00f3bk\u0119 bezobs\u0142ugow\u0105<br \/>&#8211; automatyczne przewlekanie drutu w szczelinie w zaledwie 10 sekund<br \/>&#8211; precyzyjna kontrola napr\u0119\u017cenia drutu przy u\u017cyciu podw\u00f3jnego serwomotoru<br \/>&#8211; hartowany st\u00f3\u0142 do obrabianych element\u00f3w<\/p>\t\t\t\t\t\t\t\t<\/div>\n\t\t\t\t<\/div>\n\t\t\t\t\t<\/div>\n\t\t<\/div>\n\t\t\t\t\t<\/div>\n\t\t<\/section>\n\t\t\t\t<section class=\"elementor-section elementor-top-section elementor-element elementor-element-06ee451 elementor-section-boxed elementor-section-height-default elementor-section-height-default\" data-id=\"06ee451\" data-element_type=\"section\">\n\t\t\t\t\t\t<div class=\"elementor-container elementor-column-gap-default\">\n\t\t\t\t\t<div class=\"elementor-column elementor-col-100 elementor-top-column elementor-element elementor-element-6efcb65\" data-id=\"6efcb65\" data-element_type=\"column\">\n\t\t\t<div class=\"elementor-widget-wrap elementor-element-populated\">\n\t\t\t\t\t\t<div class=\"elementor-element elementor-element-0c7ad54 elementor-widget elementor-widget-heading\" data-id=\"0c7ad54\" data-element_type=\"widget\" data-widget_type=\"heading.default\">\n\t\t\t\t<div class=\"elementor-widget-container\">\n\t\t\t\t\t<h2 class=\"elementor-heading-title elementor-size-default\">W\u0142a\u015bciwo\u015bci techniczne<\/h2>\t\t\t\t<\/div>\n\t\t\t\t<\/div>\n\t\t\t\t<div class=\"elementor-element elementor-element-304abca elementor-widget elementor-widget-text-editor\" data-id=\"304abca\" data-element_type=\"widget\" data-widget_type=\"text-editor.default\">\n\t\t\t\t<div class=\"elementor-widget-container\">\n\t\t\t\t\t\t\t\t\t<p><strong>Zakres ci\u0119cia:<\/strong><br \/>XY &#8211; 400mm x 300mm<br \/>Z &#8211; 255mm<br \/>UV &#8211; 120mm x 120mm<\/p><p><strong>\u015arednica drutu:<\/strong><br \/>STANDARD F 0.1 ~ 0.3,<br \/>OPCJA F 0.5 ~ 0.7<\/p><p><strong>WAGA DETALU: <\/strong>DO 500kg<\/p>\t\t\t\t\t\t\t\t<\/div>\n\t\t\t\t<\/div>\n\t\t\t\t\t<\/div>\n\t\t<\/div>\n\t\t\t\t<div class=\"elementor-column elementor-col-50 elementor-top-column elementor-element elementor-element-b8865c6\" data-id=\"b8865c6\" data-element_type=\"column\">\n\t\t\t<div class=\"elementor-widget-wrap elementor-element-populated\">\n\t\t\t\t\t\t<div class=\"elementor-element elementor-element-803995f elementor-widget elementor-widget-image\" data-id=\"803995f\" data-element_type=\"widget\" data-widget_type=\"image.default\">\n\t\t\t\t<div class=\"elementor-widget-container\">\n\t\t\t\t\t\t\t\t\t\t\t\t\t\t\t<img loading=\"lazy\" decoding=\"async\" width=\"224\" height=\"225\" src=\"https:\/\/klgsnt.pl\/wp-content\/uploads\/2023\/08\/5.jpg\" class=\"attachment-large size-large wp-image-587\" alt=\"\" srcset=\"https:\/\/klgsnt.pl\/wp-content\/uploads\/2023\/08\/5.jpg 224w, https:\/\/klgsnt.pl\/wp-content\/uploads\/2023\/08\/5-150x150.jpg 150w\" sizes=\"(max-width: 224px) 100vw, 224px\" \/>\t\t\t\t\t\t\t\t\t\t\t\t\t\t\t<\/div>\n\t\t\t\t<\/div>\n\t\t\t\t\t<\/div>\n\t\t<\/div>\n\t\t\t\t<div class=\"elementor-column elementor-col-50 elementor-top-column elementor-element elementor-element-ce7d88e\" data-id=\"ce7d88e\" data-element_type=\"column\">\n\t\t\t<div class=\"elementor-widget-wrap elementor-element-populated\">\n\t\t\t\t\t\t<div class=\"elementor-element elementor-element-8376481 elementor-widget elementor-widget-image\" data-id=\"8376481\" data-element_type=\"widget\" data-widget_type=\"image.default\">\n\t\t\t\t<div class=\"elementor-widget-container\">\n\t\t\t\t\t\t\t\t\t\t\t\t\t\t\t<img loading=\"lazy\" decoding=\"async\" width=\"168\" height=\"168\" src=\"https:\/\/klgsnt.pl\/wp-content\/uploads\/2023\/08\/6.jpg\" class=\"attachment-large size-large wp-image-588\" alt=\"\" srcset=\"https:\/\/klgsnt.pl\/wp-content\/uploads\/2023\/08\/6.jpg 168w, https:\/\/klgsnt.pl\/wp-content\/uploads\/2023\/08\/6-150x150.jpg 150w\" sizes=\"(max-width: 168px) 100vw, 168px\" \/>\t\t\t\t\t\t\t\t\t\t\t\t\t\t\t<\/div>\n\t\t\t\t<\/div>\n\t\t\t\t\t<\/div>\n\t\t<\/div>\n\t\t\t\t\t<\/div>\n\t\t<\/section>\n\t\t\t\t<section class=\"elementor-section elementor-top-section elementor-element elementor-element-d4190e9 elementor-section-boxed elementor-section-height-default elementor-section-height-default\" data-id=\"d4190e9\" data-element_type=\"section\">\n\t\t\t\t\t\t<div class=\"elementor-container elementor-column-gap-default\">\n\t\t\t\t\t<div class=\"elementor-column elementor-col-50 elementor-top-column elementor-element elementor-element-2855e9f\" data-id=\"2855e9f\" data-element_type=\"column\">\n\t\t\t<div class=\"elementor-widget-wrap elementor-element-populated\">\n\t\t\t\t\t\t<div class=\"elementor-element elementor-element-9d7d64b elementor-widget elementor-widget-heading\" data-id=\"9d7d64b\" data-element_type=\"widget\" data-widget_type=\"heading.default\">\n\t\t\t\t<div class=\"elementor-widget-container\">\n\t\t\t\t\t<h2 class=\"elementor-heading-title elementor-size-default\">Wycinarka ROBOCUT seria \u03b1-C400iB<\/h2>\t\t\t\t<\/div>\n\t\t\t\t<\/div>\n\t\t\t\t<div class=\"elementor-element elementor-element-69e9f01 elementor-widget elementor-widget-text-editor\" data-id=\"69e9f01\" data-element_type=\"widget\" data-widget_type=\"text-editor.default\">\n\t\t\t\t<div class=\"elementor-widget-container\">\n\t\t\t\t\t\t\t\t\t<p><strong>Ci\u0119cie z zerow\u0105 si\u0142\u0105\u00a0<\/strong><\/p><p>Poniewa\u017c nie ma kontaktu mi\u0119dzy narz\u0119dziem tn\u0105cym a przedmiotem obrabianym, EDM umo\u017cliwia ci\u0119cie bardzo ma\u0142ych cz\u0119\u015bci, takich jak sworznie wtryskiwaczy lub ig\u0142y medyczne, przy u\u017cyciu najcie\u0144szych \u015bcianek &#8211; wyra\u017ana korzy\u015b\u0107 w por\u00f3wnaniu z wierceniem, frezowaniem lub toczeniem.<\/p><p><strong>Bez wi\u00f3r\u00f3w, bez z\u0142omu<\/strong><\/p><p>W procesach obejmuj\u0105cych kosztowne materia\u0142y, Wire Cut EDM ma t\u0119 zalet\u0119, \u017ce nie produkuje si\u0119 wi\u00f3r\u00f3w i nie ponoszone s\u0105 dodatkowe koszty z\u0142omu.<\/p><p><strong>Bez zadzior\u00f3w, bez przer\u00f3bek<\/strong><\/p><p>Poniewa\u017c nie przyk\u0142ada si\u0119 \u017cadnej si\u0142y, ci\u0119cie drutu pozostawia idealne powierzchnie. W przypadku jeszcze drobniejszych powierzchni, a nawet lustrzanego wyko\u0144czenia, dost\u0119pna jest funkcja FANUC Micro Finish \u2013 zast\u0105pienie do 8 krok\u00f3w tylko jednym procesem.<\/p>\t\t\t\t\t\t\t\t<\/div>\n\t\t\t\t<\/div>\n\t\t\t\t\t<\/div>\n\t\t<\/div>\n\t\t\t\t<div class=\"elementor-column elementor-col-25 elementor-top-column elementor-element elementor-element-fab7640\" data-id=\"fab7640\" data-element_type=\"column\">\n\t\t\t<div class=\"elementor-widget-wrap elementor-element-populated\">\n\t\t\t\t\t\t<div class=\"elementor-element elementor-element-488a817 elementor-widget elementor-widget-image\" data-id=\"488a817\" data-element_type=\"widget\" data-widget_type=\"image.default\">\n\t\t\t\t<div class=\"elementor-widget-container\">\n\t\t\t\t\t\t\t\t\t\t\t\t\t\t\t<img loading=\"lazy\" decoding=\"async\" width=\"666\" height=\"575\" src=\"https:\/\/klgsnt.pl\/wp-content\/uploads\/2024\/02\/8-Produkcja-form-wtryskowych-czytaj-dalej.jpg\" class=\"attachment-large size-large wp-image-996\" alt=\"\" srcset=\"https:\/\/klgsnt.pl\/wp-content\/uploads\/2024\/02\/8-Produkcja-form-wtryskowych-czytaj-dalej.jpg 666w, https:\/\/klgsnt.pl\/wp-content\/uploads\/2024\/02\/8-Produkcja-form-wtryskowych-czytaj-dalej-300x259.jpg 300w\" sizes=\"(max-width: 666px) 100vw, 666px\" \/>\t\t\t\t\t\t\t\t\t\t\t\t\t\t\t<\/div>\n\t\t\t\t<\/div>\n\t\t\t\t<div class=\"elementor-element elementor-element-ab2c9cb elementor-widget elementor-widget-image\" data-id=\"ab2c9cb\" data-element_type=\"widget\" data-widget_type=\"image.default\">\n\t\t\t\t<div class=\"elementor-widget-container\">\n\t\t\t\t\t\t\t\t\t\t\t\t\t\t\t<img loading=\"lazy\" decoding=\"async\" width=\"987\" height=\"659\" src=\"https:\/\/klgsnt.pl\/wp-content\/uploads\/2024\/03\/Ciecie-drutem-4.jpg\" class=\"attachment-large size-large wp-image-1265\" alt=\"\" srcset=\"https:\/\/klgsnt.pl\/wp-content\/uploads\/2024\/03\/Ciecie-drutem-4.jpg 987w, https:\/\/klgsnt.pl\/wp-content\/uploads\/2024\/03\/Ciecie-drutem-4-300x200.jpg 300w, https:\/\/klgsnt.pl\/wp-content\/uploads\/2024\/03\/Ciecie-drutem-4-768x513.jpg 768w\" sizes=\"(max-width: 987px) 100vw, 987px\" \/>\t\t\t\t\t\t\t\t\t\t\t\t\t\t\t<\/div>\n\t\t\t\t<\/div>\n\t\t\t\t\t<\/div>\n\t\t<\/div>\n\t\t\t\t<div class=\"elementor-column elementor-col-25 elementor-top-column elementor-element elementor-element-23bc31e\" data-id=\"23bc31e\" data-element_type=\"column\">\n\t\t\t<div class=\"elementor-widget-wrap elementor-element-populated\">\n\t\t\t\t\t\t<div class=\"elementor-element elementor-element-bfe6f93 elementor-widget elementor-widget-image\" data-id=\"bfe6f93\" data-element_type=\"widget\" data-widget_type=\"image.default\">\n\t\t\t\t<div class=\"elementor-widget-container\">\n\t\t\t\t\t\t\t\t\t\t\t\t\t\t\t<img loading=\"lazy\" decoding=\"async\" width=\"553\" height=\"377\" src=\"https:\/\/klgsnt.pl\/wp-content\/uploads\/2024\/02\/3.jpg\" class=\"attachment-large size-large wp-image-1001\" alt=\"\" srcset=\"https:\/\/klgsnt.pl\/wp-content\/uploads\/2024\/02\/3.jpg 553w, https:\/\/klgsnt.pl\/wp-content\/uploads\/2024\/02\/3-300x205.jpg 300w\" sizes=\"(max-width: 553px) 100vw, 553px\" \/>\t\t\t\t\t\t\t\t\t\t\t\t\t\t\t<\/div>\n\t\t\t\t<\/div>\n\t\t\t\t<div class=\"elementor-element elementor-element-7a1ee12 elementor-widget elementor-widget-image\" data-id=\"7a1ee12\" data-element_type=\"widget\" data-widget_type=\"image.default\">\n\t\t\t\t<div class=\"elementor-widget-container\">\n\t\t\t\t\t\t\t\t\t\t\t\t\t\t\t<img loading=\"lazy\" decoding=\"async\" width=\"1024\" height=\"682\" src=\"https:\/\/klgsnt.pl\/wp-content\/uploads\/2024\/03\/Ciecie-drutem-5-1024x682.jpg\" class=\"attachment-large size-large wp-image-1266\" alt=\"\" srcset=\"https:\/\/klgsnt.pl\/wp-content\/uploads\/2024\/03\/Ciecie-drutem-5-1024x682.jpg 1024w, https:\/\/klgsnt.pl\/wp-content\/uploads\/2024\/03\/Ciecie-drutem-5-300x200.jpg 300w, https:\/\/klgsnt.pl\/wp-content\/uploads\/2024\/03\/Ciecie-drutem-5-768x511.jpg 768w, https:\/\/klgsnt.pl\/wp-content\/uploads\/2024\/03\/Ciecie-drutem-5.jpg 1062w\" sizes=\"(max-width: 1024px) 100vw, 1024px\" \/>\t\t\t\t\t\t\t\t\t\t\t\t\t\t\t<\/div>\n\t\t\t\t<\/div>\n\t\t\t\t\t<\/div>\n\t\t<\/div>\n\t\t\t\t\t<\/div>\n\t\t<\/section>\n\t\t\t\t<\/div>\n\t\t","protected":false},"excerpt":{"rendered":"<p>ROBOCUT \u03b1-C400iB Zapraszamy Pa\u0144stwa do skorzystania z us\u0142ugi elektroerozyjnego ci\u0119cia drutem, w ramach kt\u00f3rej oferujemy:&#8211; atrakcyjne ceny,&#8211; kr\u00f3tkie terminy realizacji \u2013 ju\u017c od 2 dni roboczych,&#8211; wycinanie pod k\u0105tem sto\u0142u +\/- 30 stopni,&#8211; wycinanie detali w materia\u0142ach przewodz\u0105cych pr\u0105d elektryczny (stal, mied\u017a, aluminium, w\u0119glik spiekany, grafit),&#8211; szybsz\u0105 i wydajniejsz\u0105 obr\u00f3bk\u0119 przy zachowaniu najwy\u017cszej jako\u015bci wykonania,&#8211; [&hellip;]<\/p>\n","protected":false},"author":1,"featured_media":0,"parent":0,"menu_order":0,"comment_status":"closed","ping_status":"closed","template":"","meta":{"footnotes":""},"class_list":["post-582","page","type-page","status-publish","hentry"],"_links":{"self":[{"href":"https:\/\/klgsnt.pl\/index.php?rest_route=\/wp\/v2\/pages\/582","targetHints":{"allow":["GET"]}}],"collection":[{"href":"https:\/\/klgsnt.pl\/index.php?rest_route=\/wp\/v2\/pages"}],"about":[{"href":"https:\/\/klgsnt.pl\/index.php?rest_route=\/wp\/v2\/types\/page"}],"author":[{"embeddable":true,"href":"https:\/\/klgsnt.pl\/index.php?rest_route=\/wp\/v2\/users\/1"}],"replies":[{"embeddable":true,"href":"https:\/\/klgsnt.pl\/index.php?rest_route=%2Fwp%2Fv2%2Fcomments&post=582"}],"version-history":[{"count":29,"href":"https:\/\/klgsnt.pl\/index.php?rest_route=\/wp\/v2\/pages\/582\/revisions"}],"predecessor-version":[{"id":1269,"href":"https:\/\/klgsnt.pl\/index.php?rest_route=\/wp\/v2\/pages\/582\/revisions\/1269"}],"wp:attachment":[{"href":"https:\/\/klgsnt.pl\/index.php?rest_route=%2Fwp%2Fv2%2Fmedia&parent=582"}],"curies":[{"name":"wp","href":"https:\/\/api.w.org\/{rel}","templated":true}]}}